{"id":77,"date":"2019-04-06T19:55:57","date_gmt":"2019-04-06T19:55:57","guid":{"rendered":"http:\/\/delicate.ind.br\/mobile\/?page_id=77"},"modified":"2020-10-06T16:35:45","modified_gmt":"2020-10-06T16:35:45","slug":"lamina-avulsa-622-1","status":"publish","type":"page","link":"https:\/\/delicate.ind.br\/mobile\/cuticulas\/lamina-avulsa-622-1\/","title":{"rendered":"L\u00e2mina Avulsa 622-1"},"content":{"rendered":"\t\t<div data-elementor-type=\"wp-page\" data-elementor-id=\"77\" class=\"elementor elementor-77\" data-elementor-post-type=\"page\">\n\t\t\t\t\t\t\t\t\t<section class=\"elementor-section elementor-top-section elementor-element elementor-element-93211c9 elementor-section-boxed elementor-section-height-default elementor-section-height-default\" data-id=\"93211c9\" data-element_type=\"section\">\n\t\t\t\t\t\t<div class=\"elementor-container elementor-column-gap-default\">\n\t\t\t\t\t<div class=\"elementor-column elementor-col-50 elementor-top-column elementor-element elementor-element-174e549\" data-id=\"174e549\" data-element_type=\"column\">\n\t\t\t<div class=\"elementor-widget-wrap elementor-element-populated\">\n\t\t\t\t\t\t\t\t<div class=\"elementor-element elementor-element-ccd5b41 elementor-invisible elementor-widget elementor-widget-image\" data-id=\"ccd5b41\" data-element_type=\"widget\" data-settings=\"{&quot;_animation&quot;:&quot;fadeIn&quot;}\" data-widget_type=\"image.default\">\n\t\t\t\t<div class=\"elementor-widget-container\">\n\t\t\t\t\t\t\t\t\t\t\t\t\t\t\t<img loading=\"lazy\" decoding=\"async\" width=\"600\" height=\"600\" src=\"https:\/\/delicate.ind.br\/mobile\/wp-content\/uploads\/2020\/10\/delicate_622-1_instagram.jpg\" class=\"attachment-large size-large wp-image-659\" alt=\"\" srcset=\"https:\/\/delicate.ind.br\/mobile\/wp-content\/uploads\/2020\/10\/delicate_622-1_instagram.jpg 600w, https:\/\/delicate.ind.br\/mobile\/wp-content\/uploads\/2020\/10\/delicate_622-1_instagram-300x300.jpg 300w, https:\/\/delicate.ind.br\/mobile\/wp-content\/uploads\/2020\/10\/delicate_622-1_instagram-150x150.jpg 150w, https:\/\/delicate.ind.br\/mobile\/wp-content\/uploads\/2020\/10\/delicate_622-1_instagram-146x146.jpg 146w, https:\/\/delicate.ind.br\/mobile\/wp-content\/uploads\/2020\/10\/delicate_622-1_instagram-50x50.jpg 50w, https:\/\/delicate.ind.br\/mobile\/wp-content\/uploads\/2020\/10\/delicate_622-1_instagram-75x75.jpg 75w, https:\/\/delicate.ind.br\/mobile\/wp-content\/uploads\/2020\/10\/delicate_622-1_instagram-85x85.jpg 85w, https:\/\/delicate.ind.br\/mobile\/wp-content\/uploads\/2020\/10\/delicate_622-1_instagram-80x80.jpg 80w\" sizes=\"(max-width: 600px) 100vw, 600px\" \/>\t\t\t\t\t\t\t\t\t\t\t\t\t\t\t<\/div>\n\t\t\t\t<\/div>\n\t\t\t\t\t<\/div>\n\t\t<\/div>\n\t\t\t\t<div class=\"elementor-column elementor-col-50 elementor-top-column elementor-element elementor-element-d76798a\" data-id=\"d76798a\" data-element_type=\"column\">\n\t\t\t<div class=\"elementor-widget-wrap elementor-element-populated\">\n\t\t\t\t\t\t\t\t<div class=\"elementor-element elementor-element-a1a3018 elementor-widget elementor-widget-text-editor\" data-id=\"a1a3018\" data-element_type=\"widget\" data-widget_type=\"text-editor.default\">\n\t\t\t\t<div class=\"elementor-widget-container\">\n\t\t\t\t\t\t\t<p style=\"text-align: center;\"><span style=\"font-family: Roboto; font-size: 16px; font-style: normal; font-variant-ligatures: normal; font-variant-caps: normal; font-weight: 400; text-align: center; color: #333333;\">Design moderno e arrojado.<br \/><\/span><br style=\"font-size: 16px; text-align: center;\" \/><span style=\"font-family: Roboto; font-size: 16px; font-style: normal; font-variant-ligatures: normal; font-variant-caps: normal; font-weight: 400; text-align: center; color: #333333;\">Reafi\u00e1vel e esteriliz\u00e1vel.\u00a0<br \/><\/span><br style=\"font-size: 16px; text-align: center;\" \/><span style=\"font-family: Roboto; font-size: 16px; font-style: normal; font-variant-ligatures: normal; font-variant-caps: normal; font-weight: 400; text-align: center; color: #333333;\">Desenvolvido em a\u00e7o inox cir\u00fargico.<br \/><\/span><br style=\"font-size: 16px; text-align: center;\" \/><span style=\"font-family: Roboto; font-size: 16px; font-style: normal; font-variant-ligatures: normal; font-variant-caps: normal; font-weight: 400; text-align: center; color: #333333;\">L\u00e2minas longas e dur\u00e1veis.\u00a0<br \/><\/span><br style=\"font-size: 16px; text-align: center;\" \/><span style=\"font-family: Roboto; font-size: 16px; font-style: normal; font-variant-ligatures: normal; font-variant-caps: normal; font-weight: 400; text-align: center; color: #333333;\">100% afiadas.<\/span><\/p>\t\t\t\t\t\t<\/div>\n\t\t\t\t<\/div>\n\t\t\t\t<div class=\"elementor-element elementor-element-d975974 elementor-share-buttons--align-center elementor-share-buttons--view-icon-text elementor-share-buttons--skin-gradient elementor-share-buttons--shape-square elementor-grid-0 elementor-share-buttons--color-official elementor-widget elementor-widget-share-buttons\" data-id=\"d975974\" data-element_type=\"widget\" data-widget_type=\"share-buttons.default\">\n\t\t\t\t<div class=\"elementor-widget-container\">\n\t\t\t\t\t<div class=\"elementor-grid\">\n\t\t\t\t\t\t\t\t<div class=\"elementor-grid-item\">\n\t\t\t\t\t\t<div\n\t\t\t\t\t\t\tclass=\"elementor-share-btn elementor-share-btn_facebook\"\n\t\t\t\t\t\t\trole=\"button\"\n\t\t\t\t\t\t\ttabindex=\"0\"\n\t\t\t\t\t\t\taria-label=\"Share on facebook\"\n\t\t\t\t\t\t>\n\t\t\t\t\t\t\t\t\t\t\t\t\t\t\t<span class=\"elementor-share-btn__icon\">\n\t\t\t\t\t\t\t\t<i class=\"fab fa-facebook\" aria-hidden=\"true\"><\/i>\t\t\t\t\t\t\t<\/span>\n\t\t\t\t\t\t\t\t\t\t\t\t\t\t\t\t\t\t\t\t\t\t<div class=\"elementor-share-btn__text\">\n\t\t\t\t\t\t\t\t\t\t\t\t\t\t\t\t\t\t\t<span class=\"elementor-share-btn__title\">\n\t\t\t\t\t\t\t\t\t\tFacebook\t\t\t\t\t\t\t\t\t<\/span>\n\t\t\t\t\t\t\t\t\t\t\t\t\t\t\t\t\t<\/div>\n\t\t\t\t\t\t\t\t\t\t\t\t\t<\/div>\n\t\t\t\t\t<\/div>\n\t\t\t\t\t\t\t\t\t<div class=\"elementor-grid-item\">\n\t\t\t\t\t\t<div\n\t\t\t\t\t\t\tclass=\"elementor-share-btn elementor-share-btn_twitter\"\n\t\t\t\t\t\t\trole=\"button\"\n\t\t\t\t\t\t\ttabindex=\"0\"\n\t\t\t\t\t\t\taria-label=\"Share on twitter\"\n\t\t\t\t\t\t>\n\t\t\t\t\t\t\t\t\t\t\t\t\t\t\t<span class=\"elementor-share-btn__icon\">\n\t\t\t\t\t\t\t\t<i class=\"fab fa-twitter\" aria-hidden=\"true\"><\/i>\t\t\t\t\t\t\t<\/span>\n\t\t\t\t\t\t\t\t\t\t\t\t\t\t\t\t\t\t\t\t\t\t<div class=\"elementor-share-btn__text\">\n\t\t\t\t\t\t\t\t\t\t\t\t\t\t\t\t\t\t\t<span class=\"elementor-share-btn__title\">\n\t\t\t\t\t\t\t\t\t\tTwitter\t\t\t\t\t\t\t\t\t<\/span>\n\t\t\t\t\t\t\t\t\t\t\t\t\t\t\t\t\t<\/div>\n\t\t\t\t\t\t\t\t\t\t\t\t\t<\/div>\n\t\t\t\t\t<\/div>\n\t\t\t\t\t\t\t\t\t<div class=\"elementor-grid-item\">\n\t\t\t\t\t\t<div\n\t\t\t\t\t\t\tclass=\"elementor-share-btn elementor-share-btn_linkedin\"\n\t\t\t\t\t\t\trole=\"button\"\n\t\t\t\t\t\t\ttabindex=\"0\"\n\t\t\t\t\t\t\taria-label=\"Share on linkedin\"\n\t\t\t\t\t\t>\n\t\t\t\t\t\t\t\t\t\t\t\t\t\t\t<span class=\"elementor-share-btn__icon\">\n\t\t\t\t\t\t\t\t<i class=\"fab fa-linkedin\" aria-hidden=\"true\"><\/i>\t\t\t\t\t\t\t<\/span>\n\t\t\t\t\t\t\t\t\t\t\t\t\t\t\t\t\t\t\t\t\t\t<div class=\"elementor-share-btn__text\">\n\t\t\t\t\t\t\t\t\t\t\t\t\t\t\t\t\t\t\t<span class=\"elementor-share-btn__title\">\n\t\t\t\t\t\t\t\t\t\tLinkedIn\t\t\t\t\t\t\t\t\t<\/span>\n\t\t\t\t\t\t\t\t\t\t\t\t\t\t\t\t\t<\/div>\n\t\t\t\t\t\t\t\t\t\t\t\t\t<\/div>\n\t\t\t\t\t<\/div>\n\t\t\t\t\t\t<\/div>\n\t\t\t\t<\/div>\n\t\t\t\t<\/div>\n\t\t\t\t\t<\/div>\n\t\t<\/div>\n\t\t\t\t\t\t\t<\/div>\n\t\t<\/section>\n\t\t\t\t\t\t\t<\/div>\n\t\t","protected":false},"excerpt":{"rendered":"<p>Design moderno e arrojado.Reafi\u00e1vel e esteriliz\u00e1vel.\u00a0Desenvolvido em a\u00e7o inox cir\u00fargico.L\u00e2minas longas e dur\u00e1veis.\u00a0100% afiadas. Share on facebook Facebook Share on twitter Twitter Share on linkedin LinkedIn<\/p>\n","protected":false},"author":1,"featured_media":0,"parent":56,"menu_order":0,"comment_status":"closed","ping_status":"closed","template":"","meta":{"footnotes":""},"_links":{"self":[{"href":"https:\/\/delicate.ind.br\/mobile\/wp-json\/wp\/v2\/pages\/77"}],"collection":[{"href":"https:\/\/delicate.ind.br\/mobile\/wp-json\/wp\/v2\/pages"}],"about":[{"href":"https:\/\/delicate.ind.br\/mobile\/wp-json\/wp\/v2\/types\/page"}],"author":[{"embeddable":true,"href":"https:\/\/delicate.ind.br\/mobile\/wp-json\/wp\/v2\/users\/1"}],"replies":[{"embeddable":true,"href":"https:\/\/delicate.ind.br\/mobile\/wp-json\/wp\/v2\/comments?post=77"}],"version-history":[{"count":16,"href":"https:\/\/delicate.ind.br\/mobile\/wp-json\/wp\/v2\/pages\/77\/revisions"}],"predecessor-version":[{"id":666,"href":"https:\/\/delicate.ind.br\/mobile\/wp-json\/wp\/v2\/pages\/77\/revisions\/666"}],"up":[{"embeddable":true,"href":"https:\/\/delicate.ind.br\/mobile\/wp-json\/wp\/v2\/pages\/56"}],"wp:attachment":[{"href":"https:\/\/delicate.ind.br\/mobile\/wp-json\/wp\/v2\/media?parent=77"}],"curies":[{"name":"wp","href":"https:\/\/api.w.org\/{rel}","templated":true}]}}